r when 22474 is divided by 4493.
9
Calculate the remainder when 27791 is divided by 386.
385
Calculate the remainder when 2745 is divided by 114.
9
What is the remainder when 29859 is divided by 18?
15
Calculate the remainder when 436697 is divided by 11.
8
What is the remainder when 2993133 is divided by 491?
488
What is the remainder when 1232 is divided by 4?
0
Calculate the remainder when 4004 is divided by 1326.
26
Calculate the remainder when 701997 is divided by 720.
717
What is the remainder when 27345 is divided by 636?
633
What is the remainder when 70398 is divided by 220?
218
Calculate the remainder when 7626 is divided by 635.
6
Calculate the remainder when 9296 is divided by 1855.
21
Calculate the remainder when 1359 is divided by 54.
9
What is the remainder when 1621482 is divided by 709?
708
Calculate the remainder when 557 is divided by 438.
119
Calculate the remainder when 1173 is divided by 390.
3
What is the remainder when 9893 is divided by 16?
5
Calculate the remainder when 1092 is divided by 308.
168
Calculate the remainder when 12470 is divided by 3071.
186
Calculate the remainder when 41258 is divided by 30.
8
What is the remainder when 805956 is divided by 231?
228
What is the remainder when 116193 is divided by 70?
63
Calculate the remainder when 4849 is divided by 162.
151
Calculate the remainder when 25469 is divided by 219.
65
What is the remainder when 16207 is divided by 9?
7
What is the remainder when 22644 is divided by 1257?
18
What is the remainder when 140253 is divided by 36?
33
Calculate the remainder when 878831 is divided by 946.
943
What is the remainder when 2035 is divided by 493?
63
What is the remainder when 37143 is divided by 96?
87
Calculate the remainder when 577 is divided by 563.
14
Calculate the remainder when 3278 is divided by 354.
92
Calculate the remainder when 5005 is divided by 142.
35
Calculate the remainder when 975 is divided by 38.
25
Calculate the remainder when 1940896 is divided by 107827.
10
Calculate the remainder when 10919 is divided by 10689.
230
What is the remainder when 180634 is divided by 137?
68
Calculate the remainder when 65296 is divided by 21752.
40
What is the remainder when 59290 is divided by 295?
290
Calculate the remainder when 122209 is divided by 20.
9
Calculate the remainder when 284 is divided by 23.
8
Calculate the remainder when 9825 is divided by 44.
13
Calculate the remainder when 10807 is divided by 3602.
1
What is the remainder when 5539 is divided by 231?
226
What is the remainder when 25867 is divided by 81?
28
Calculate the remainder when 2851 is divided by 205.
186
Calculate the remainder when 146523 is divided by 2713.
21
Calculate the remainder when 468 is divided by 428.
40
Calculate the remainder when 558 is divided by 119.
82
Calculate the remainder when 4007 is divided by 3779.
228
What is the remainder when 9844 is divided by 653?
49
What is the remainder when 14716 is divided by 1225?
16
What is the remainder when 17344 is divided by 354?
352
Calculate the remainder when 67685 is divided by 42.
23
What is the remainder when 3718 is divided by 155?
153
What is the remainder when 37259 is divided by 15?
14
What is the remainder when 17778 is divided by 5852?
222
Calculate the remainder when 109884 is divided by 111.
105
What is the remainder when 5404 is divided by 64?
28
What is the remainder when 5408 is divided by 2673?
62
Calculate the remainder when 3118 is divided by 773.
26
Calculate the remainder when 160395 is divided by 26730.
15
Calculate the remainder when 7594 is divided by 7582.
12
Calculate the remainder when 4211 is divided by 1379.
74
Calculate the remainder when 9981 is divided by 135.
126
What is the remainder when 77373 is divided by 73?
66
What is the remainder when 16945 is divided by 42?
19
Calculate the remainder when 4900 is divided by 1614.
58
What is the remainder when 72324 is divided by 574?
0
Calculate the remainder when 14721 is divided by 1051.
7
Calculate the remainder when 878576 is divided by 541.
533
Calculate the remainder when 157289 is divided by 4251.
2
Calculate the remainder when 4183 is divided by 182.
179
What is the remainder when 20416 is divided by 3400?
16
Calculate the remainder when 188224 is divided by 211.
12
What is the remainder when 241579 is divided by 7318?
85
What is the remainder when 12498 is divided by 4162?
12
Calculate the remainder when 6466 is divided by 56.
26
What is the remainder when 53861 is divided by 94?
93
Calculate the remainder when 7143 is divided by 243.
96
What is the remainder when 4245 is divided by 315?
150
Calculate the remainder when 7146 is divided by 59.
7
What is the remainder when 24280 is divided by 33?
25
What is the remainder when 103721 is divided by 189?
149
What is the remainder when 6768046 is divided by 28?
26
What is the remainder when 55631 is divided by 27?
11
Calculate the remainder when 869198 is divided by 212.
210
What is the remainder when 109324 is divided by 225?
199
What is the remainder when 87406 is divided by 635?
411
Calculate the remainder when 51425 is divided by 31.
27
What is the remainder when 806 is divided by 69?
47
What is the remainder when 159642 is divided by 29?
26
Calculate the remainder when 22833 is divided by 31.
17
Calculate the remainder when 6772 is divided by 2251.
19
Calculate the remainder when 21597 is divided by 6886.
939
What is the remainder when 31302 is divided by 101?
93
Calculate the remainder when 36875 is divided by 16.
11
Calculate the remainder when 83895 is divided by 67.
11
Calculate the remainder when 117871 is divided by 278.
277
Calculate the remainder when 23901 is divided by 352.
317
What is the remainder when 18040 is divided by 527?
122
Calculate the remainder when 20498 is divided by 80.
18
What is the remainder when 2518 is divided by 1240?
38
What is the remainder when 64532 is divided by 41?
39
What is the remainder when 9073 is divided by 57?
10
What is the remainder when 145200 is divided by 145193?
7
Calculate the remainder when 764 is divided by 12.
8
What is the remainder when 1182 is divided by 20?
2
What is the remainder when 6194 is divided by 54?
38
Calculate the remainder when 10529 is divided by 234.
233
Calculate the remainder when 499 is divided by 292.
207
What is the remainder when 8233 is divided by 36?
25
What is the remainder when 73911 is divided by 36952?
7
Calculate the remainder when 1136769 is divided by 15.
9
Calculate the remainder when 49827 is divided by 844.
31
What is the remainder when 7583 is divided by 205?
203
Calculate the remainder when 254681 is divided by 84890.
11
Calculate the remainder when 5805 is divided by 22.
19
Calculate the remainder when 21807 is divided by 7120.
447
Calculate the remainder when 27942 is divided by 51.
45
What is the remainder when 10242 is divided by 1274?
50
What is the remainder when 2585 is divided by 133?
58
What is the remainder when 8260 is divided by 4107?
46
What is the remainder when 1889 is divided by 884?
121
Calculate the remainder when 1298799 is divided by 382.
381
What is the remainder when 43316 is divided by 43304?
12
Calculate the remainder when 11615 is divided by 35.
30
Calculate the remainder when 194185 is divided by 701.
8
What is the remainder when 2817 is divided by 465?
27
Calculate the remainder when 813384 is divided by 43.
39
Calculate the remainder when 10238 is divided by 1860.
938
What is the remainder when 229205 is divided by 47?
33
What is the remainder when 28267 is divided by 745?
702
What is the remainder when 97954 is divided by 27?
25
What is the remainder when 4820 is divided by 2409?
2
Calculate the remainder when 55010 is divided by 9168.
2
What is the remainder when 681152 is divided by 119?
115
Calculate the remainder when 140647 is divided by 43.
37
Calculate the remainder when 49724 is divided by 223.
218
What is the remainder when 84702 is divided by 1193?
1192
What is the remainder when 10841 is divided by 1778?
173
Calculate the remainder when 3638996 is divided by 150.
146
Calculate the remainder when 13092 is divided by 97.
94
What is the remainder when 92735 is divided by 89?
86
What is the remainder when 20809 is divided by 1387?
4
What is the remainder when 22255